ten thousands digit of 11224?
1
What is the thousands digit of 1414?
1
What is the tens digit of 5974?
7
What is the units digit of 1418?
8
What is the units digit of 941?
1
What is the units digit of 6044?
4
What is the hundreds digit of 164?
1
What is the units digit of 122?
2
What is the units digit of 40916?
6
What is the units digit of 31633?
3
What is the hundreds digit of 19116?
1
What is the thousands digit of 21482?
1
What is the hundred thousands digit of 212622?
2
What is the thousands digit of 4196?
4
What is the thousands digit of 1121?
1
What is the units digit of 5889?
9
What is the units digit of 904?
4
What is the hundreds digit of 391?
3
What is the units digit of 1097?
7
What is the ten thousands digit of 25160?
2
What is the thousands digit of 1737?
1
What is the hundreds digit of 2003?
0
What is the units digit of 92626?
6
What is the hundreds digit of 2935?
9
What is the tens digit of 54159?
5
What is the tens digit of 2175?
7
What is the hundreds digit of 2209?
2
What is the hundreds digit of 471?
4
What is the thousands digit of 1245?
1
What is the tens digit of 887?
8
What is the units digit of 7933?
3
What is the hundreds digit of 215?
2
What is the tens digit of 1698?
9
What is the units digit of 56231?
1
What is the units digit of 1036?
6
What is the thousands digit of 73910?
3
What is the units digit of 1995?
5
What is the units digit of 4315?
5
What is the thousands digit of 7776?
7
What is the hundreds digit of 15277?
2
What is the hundreds digit of 1574?
5
What is the units digit of 98?
8
What is the tens digit of 1121?
2
What is the tens digit of 3758?
5
What is the thousands digit of 6970?
6
What is the tens digit of 571?
7
What is the units digit of 151065?
5
What is the thousands digit of 1323?
1
What is the tens digit of 717?
1
What is the hundreds digit of 836?
8
What is the tens digit of 3602?
0
What is the tens digit of 13373?
7
What is the units digit of 11635?
5
What is the units digit of 1433?
3
What is the units digit of 6880?
0
What is the tens digit of 1727?
2
What is the ten thousands digit of 102436?
0
What is the hundreds digit of 292?
2
What is the hundreds digit of 2070?
0
What is the tens digit of 516?
1
What is the hundreds digit of 12740?
7
What is the hundreds digit of 7446?
4
What is the tens digit of 853?
5
What is the tens digit of 534?
3
What is the ten thousands digit of 21513?
2
What is the tens digit of 3755?
5
What is the units digit of 2084?
4
What is the thousands digit of 2594?
2
What is the ten thousands digit of 11474?
1
What is the units digit of 5139?
9
What is the units digit of 523?
3
What is the ten thousands digit of 17849?
1
What is the hundreds digit of 494?
4
What is the thousands digit of 15108?
5
What is the hundreds digit of 298?
2
What is the units digit of 558?
8
What is the tens digit of 8909?
0
What is the tens digit of 43?
4
What is the tens digit of 25096?
9
What is the thousands digit of 2009?
2
What is the units digit of 1191?
1
What is the units digit of 18?
8
What is the thousands digit of 5676?
5
What is the tens digit of 3393?
9
What is the ten thousands digit of 95279?
9
What is the tens digit of 42654?
5
What is the units digit of 12733?
3
What is the hundreds digit of 3622?
6
What is the hundreds digit of 377?
3
What is the ten thousands digit of 106532?
0
What is the units digit of 936?
6
What is the ten thousands digit of 35103?
3
What is the tens digit of 3353?
5
What is the hundreds digit of 3396?
3
What is the units digit of 518?
8
What is the units digit of 4314?
4
What is the units digit of 23900?
0
What is the ten thousands digit of 50340?
5
What is the tens digit of 1777?
7
What is the thousands digit of 1704?
1
What is the tens digit of 836?
3
What is the hundreds digit of 639?
6
What is the tens digit of 4363?
6
What is the tens digit of 236?
3
What is the units digit of 71?
1
What is the tens digit of 54145?
4
What is the thousands digit of 95546?
5
What is the units digit of 14614?
4
What is the ten thousands digit of 24371?
2
What is the thousands digit of 13287?
3
What is the hundreds digit of 1729?
7
What is the tens digit of 493?
9
What is the thousands digit of 1143?
1
What is the tens digit of 12082?
8
What is the tens digit of 1443?
4
What is the thousands digit of 2059?
2
What is the units digit of 932?
2
What is the thousands digit of 1206?
1
What is the tens digit of 1030?
3
What is the units digit of 1169?
9
What is the units digit of 694?
4
What is the hundreds digit of 6515?
5
What is the tens digit of 944?
4
What is the hundreds digit of 1093?
0
What is the units digit of 91120?
0
What is the units digit of 5562?
2
What is the ten thousands digit of 139613?
3
What is the hundreds digit of 10391?
3
What is the tens digit of 810?
1
What is the tens digit of 4832?
3
What is the hundreds digit of 1566?
5
What is the thousands digit of 7383?
7
What is the thousands digit of 4508?
4
What is the units digit of 5100?
0
What is the hundreds digit of 219?
2
What is the tens digit of 247?
4
What is the hundreds digit of 2162?
1
What is the units digit of 45?
5
What is the thousands digit of 4980?
4
What is the tens digit of 14005?
0
What is the hundreds digit of 776?
7
What is the ten thousands digit of 48819?
4
What is the tens digit of 4367?
6
What is the tens digit of 589?
8
What is the hundreds digit of 17582?
5
What is the tens digit of 765?
6
What is the tens digit of 1298?
9
What is the units digit of 11980?
0
What is the tens digit of 244?
4
What is the hundreds digit of 49054?
0
What is the tens digit of 22980?
8
What is the tens digit of 25?
2
What is the hundreds digit of 9807?
8
What is the hundreds digit of 5947?
9
What is the hundreds digit of 7003?
0
What is the thousands digit of 4279?
4
What is the hundreds digit of 1304?
3
What is the tens digit of 5733?
3
What is the hundreds digit of 295?
2
What is the tens digit of 183?
8
What is the units digit of 111344?
4
What is the thousands digit of 9135?
9
What is the tens digit of 922?
2
What is the tens digit of 794?
9
What is the ten thousands digit of 51547?
5
What is the units digit of 95?
5
What is the units digit of 6309?
9
What is the units digit of 30558?
8
What is the tens digit of 42832?
3
What is the units digit of 444?
4
What is the units digit of 39?
9
What is the tens digit of 68?
6
What is the units digit of 58293?
3
What is the tens digit of 139427?
2
What is the ten thousands digit of 53202?
5
What is the hundreds digit of 379?
3
What is the units digit of 462?
2
What is the units digit of 9721?
1
What is the hundreds digit of 55778?
7
What is the units digit of 1050?
0
What is the tens digit of 234?
3
What is the hundreds digit of 3231?
2
What is the thousands digit of 1078?
1
What is the thousands digit of 54426?
4
What is the units digit of 1568?
8
What is the tens digit of 883?
8
What is the hundreds digit of 4842?
8
What is the thousands digit of 1425?
1
What is the hundreds digit of 9873?
8
What is the tens digit of 2488?
8
What is the ten thousands digit of 29480?
2
What is the tens digit of 33727?
2
What is the ten thousands digit of 33534?
3
What is the units digit of 73625?
5
What is the tens digit of 680?
8
What is the tens digit of 6036?
3
What is the thousands digit of 27220?
7
What is the units digit of 45735?
5
What is the thousands digit of 6225?
6
What is the thousands digit of 25670?
5
What is the tens digit of 1041?
4
What is the hundreds digit of 1011?
0
What is the hundreds digit of 2580?
5
What is the hundreds digit of 3617?
6
What is the ten thousands digit of 49461?
4
What is the tens digit of 137316?
1
What is the hundreds digit of 4046?
0
What is the tens digit of 111?
1
What is the thousands digit of 10609?
0
What is the thousands digit of 42140?
2
What is the thousands digit of 6861?
6
What is the tens digit of 1373?
7
What is the thousands digit of 87746?
7
What is the thousands digit of 3494?
3
What is the tens digit of 3782?
8
What is the units digit of 3348?
8
What is the thousands digit of 53341?
3
What is the units digit of 9419?
9
What is the tens digit of 1748?
4
What is the thousands digit of 59804?
9
What is the hundreds digit of 28374?
3
What is the thousands digit of 12486?
2
What is the thousands digit of 3496?